{"id":251,"date":"2017-12-05T04:02:12","date_gmt":"2017-12-05T01:02:12","guid":{"rendered":"http:\/\/shtheme.com\/demosd\/straight1\/?page_id=251"},"modified":"2022-01-11T16:59:15","modified_gmt":"2022-01-11T13:59:15","slug":"hakkimizda","status":"publish","type":"page","link":"https:\/\/www.ozbobinaj.com\/index.php\/hakkimizda\/","title":{"rendered":"Hakk\u0131m\u0131zda"},"content":{"rendered":"<p>[vc_row][vc_column] \n    <section class=\"experience_details_area pad_100\">\n            <div class=\"container\">\n                <div class=\"row experience_inner\">\n                    <div class=\"col-sm-4\">\n                        <div class=\"ex_left_title\">\n                            <h3 class=\"single_bar_title\">1981'den beri \u00d6z Bobinaj hizmetinizde..<\/h3>\n                        <\/div>\n                    <\/div>\n                    <div class=\"col-sm-8\">\n                        <div class=\"experience_right_text\">\n                            <h4><\/h4>\n                            <p>\u00d6z Bobinaj, 1981 y\u0131l\u0131ndan g\u00fcn\u00fcm\u00fcze uzanan bilgi ve tecr\u00fcbesini, kaliteli ve kar\u015f\u0131l\u0131kl\u0131 g\u00fcven ilkeleri \u0131\u015f\u0131\u011f\u0131nda bobinaj sekt\u00f6r\u00fcne aktarmay\u0131 ba\u015farm\u0131\u015ft\u0131r.\u201d \u00d6nce M\u00fc\u015fteri \u201d ilkesini prensip edinerek her zaman en kaliteli i\u015fi en uygun fiyatlara yapan \u00d6z Bobinaj, k\u0131sa s\u00fcre i\u00e7erisinde servis a\u011f\u0131n\u0131 Yalova b\u00f6lgesi s\u0131n\u0131rlar\u0131n\u0131 a\u015f\u0131p t\u00fcm T\u00fcrkiye \u00e7ap\u0131na yaym\u0131\u015ft\u0131r.<br \/>\nYalova\u2019da Bobinaj denilince akla gelen ilk firmalardan olan \u00d6z Bobinaj, sanayi sekt\u00f6r\u00fcnde, en kaliteli hizmeti en iyi fiyatlara m\u00fc\u015fterilerine sunan, Yalova\u2019n\u0131n en k\u00f6kl\u00fc firmalar\u0131ndan birisidir. A\u011f\u0131rl\u0131kl\u0131 olarak Yalova ve \u00e7evre illere en h\u0131zl\u0131 ve g\u00fcvenilir servis, bak\u0131m, tamir hizmetlerini 40 y\u0131l\u0131 a\u015fk\u0131n tecr\u00fcbesiyle ula\u015ft\u0131rmaktad\u0131r. \u00d6z Bobinaj m\u00fc\u015fterilerine m\u00fcmk\u00fcn olan en \u00fcst d\u00fczeyde hizmeti, tecr\u00fcbeli kadrosuyla en k\u0131sa s\u00fcrede ula\u015ft\u0131rmay\u0131 kendine ama\u00e7 edinmi\u015ftir. \u00d6z Bobinaj, Yalova Ta\u015fk\u00f6pr\u00fc Sanayi Sitesi'ndeki tesisi ile kendi sekt\u00f6r\u00fcnde Yalova'da lider firma olmaya devam edecek.<\/p>\n<p>Elektrik Motorlar\u0131 Bak\u0131m\u0131, her t\u00fcr bobinaj ve sar\u0131m i\u015flemleri, elektrik sistem ve proje taahh\u00fct, komple tesis kurulumu ve projelendirme gibi bir\u00e7ok hizmeti m\u00fc\u015fterilerine ula\u015ft\u0131ran Oktay Bobinaj, hizmet a\u011f\u0131n\u0131 her ge\u00e7en g\u00fcn geni\u015fletmekte ve tecrubeli kadrosunu sizlere ula\u015ft\u0131rmaktad\u0131r.<\/p>\n                        <\/div>\n                    <\/div>\n                <\/div>\n                            <\/div>\n        <\/section>\n\n[\/vc_column][\/vc_row][vc_row][vc_column]<\/p>\n \n    <section class=\"video_text_area video_bg_c pad_100\">\n      <div class=\"container\">\n          <div class=\"row\">\n              <div class=\"col-md-6 col-sm-6\">\n                  <div class=\"video_left_text\">\n                      <h3>Tecr\u00fcbe, Kalite ve G\u00fcven<\/h3>\n                      <p>\u00d6z Bobinaj , alan\u0131nda uzman kadrosu ile siz de\u011ferli m\u00fc\u015fterilerimize hizmet vermektedir. Firmam\u0131z b\u00fcnyesinde bobinaj sar\u0131m hizmetleri, matkap, hilti, k\u0131r\u0131c\u0131, delici, kaynak makinas\u0131, y\u0131kama makinalar\u0131 tamiri gibi bir \u00e7ok alanda sizlerin yan\u0131nda olmaya devam etmekteyiz. Ayn\u0131 zamanda firmam\u0131z TSE 12711 standartlar\u0131na uygun g\u00f6r\u00fclm\u00fc\u015ft\u00fcr.<\/p>\n                      <a class=\"learn_btn\" href=\"https:\/\/www.ozbobinaj.com\/index.php\/hizmetler\/\">Neler yap\u0131yoruz?<\/a>\n                  <\/div>\n              <\/div>\n              <div class=\"col-md-6 col-sm-6\">\n                  <div class=\"video_box\">\n                      <img decoding=\"async\" src=\"https:\/\/www.ozbobinaj.com\/wp-content\/uploads\/2017\/12\/video-1.jpg\" alt=\"\">\n                      <a class=\"popup-youtube\" href=\"https:\/\/www.youtube.com\/watch?v=48uPk1SA37Y\"><i class=\"flaticon-play-button\"><\/i><\/a>\n                  <\/div>\n              <\/div>\n          <\/div>\n      <\/div>\n  <\/section>\n\n\n<p>[\/vc_column][\/vc_row][vc_row type_row=&#8221;testimonials&#8221;][vc_column] \n            <div class=\"item testimonial_item\">\n        <p><img decoding=\"async\" src=\"https:\/\/www.ozbobinaj.com\/wp-content\/themes\/ozbobinaj\/img\/testimonials\/quoto-1.png\" alt=\"\">Uzun s\u00fcredir birlikte \u00e7al\u0131\u015ft\u0131\u011f\u0131m\u0131z bir firma, bobinaj i\u015flerimizi eksiksiz ve zaman\u0131nda teslim ediyor.<\/p>\n        <div class=\"media\">\n            <div class=\"media-left\">\n                <img decoding=\"async\" src=\"https:\/\/www.ozbobinaj.com\/wp-content\/uploads\/2017\/11\/testimonials-1.png\" alt=\"\">\n            <\/div>\n            <div class=\"media-body\">\n                <h4>Mehmet Selim \u00c7ak\u0131r<\/h4>\n                <h5>\u0130\u015fletme M\u00fcd\u00fcr\u00fc<\/h5>\n            <\/div>\n        <\/div>\n    <\/div>\n     \n            <div class=\"item testimonial_item\">\n        <p><img decoding=\"async\" src=\"https:\/\/www.ozbobinaj.com\/wp-content\/themes\/ozbobinaj\/img\/testimonials\/quoto-1.png\" alt=\"\">Bobinaj i\u015flerimizi g\u00f6z\u00fc kapal\u0131 teslim etti\u011fimiz bir firma, \u00f6zellikle E\u015fref bey d\u00fcr\u00fcst bir insan ar\u0131za ve \u00fccretlendirme konusunda bize \u00e7ok yard\u0131mc\u0131 oluyor.<\/p>\n        <div class=\"media\">\n            <div class=\"media-left\">\n                <img decoding=\"async\" src=\"https:\/\/www.ozbobinaj.com\/wp-content\/uploads\/2017\/11\/testimonials-2.png\" alt=\"\">\n            <\/div>\n            <div class=\"media-body\">\n                <h4>Seda Do\u011fru<\/h4>\n                <h5>\u00dcretim \u015eefi<\/h5>\n            <\/div>\n        <\/div>\n    <\/div>\n    [\/vc_column][\/vc_row][vc_row][vc_column] \n                    <section class=\"clients_slider_area\">\n                    <div class=\"container\">\n                <div class=\"row m0\">\n                    <div class=\"client_slider owl-carousel\">\n                                            <div class=\"item\">\n                            <img decoding=\"async\" src=\"https:\/\/www.ozbobinaj.com\/wp-content\/uploads\/2017\/12\/partner-logo2.png\" alt=\"\">\n                        <\/div>\n                                                <div class=\"item\">\n                            <img decoding=\"async\" src=\"https:\/\/www.ozbobinaj.com\/wp-content\/uploads\/2017\/12\/partner-logo1.png\" alt=\"\">\n                        <\/div>\n                                                <div class=\"item\">\n                            <img decoding=\"async\" src=\"https:\/\/www.ozbobinaj.com\/wp-content\/uploads\/2017\/12\/partner-logo3.png\" alt=\"\">\n                        <\/div>\n                                                <div class=\"item\">\n                            <img decoding=\"async\" src=\"https:\/\/www.ozbobinaj.com\/wp-content\/uploads\/2017\/12\/partner-logo4.png\" alt=\"\">\n                        <\/div>\n                                                <div class=\"item\">\n                            <img decoding=\"async\" src=\"https:\/\/www.ozbobinaj.com\/wp-content\/uploads\/2017\/12\/partner-logo5.png\" alt=\"\">\n                        <\/div>\n                                            <\/div>\n                <\/div>\n            <\/div>\n        <\/section>\n      [\/vc_column][\/vc_row]<\/p>\n","protected":false},"excerpt":{"rendered":"<p>[vc_row][vc_column][\/vc_column][\/vc_row][vc_row][vc_column] [\/vc_column][\/vc_row][vc_row type_row=&#8221;testimonials&#8221;][vc_column][\/vc_column][\/vc_row][vc_row][vc_column][\/vc_column][\/vc_row]<\/p>\n","protected":false},"author":1,"featured_media":0,"parent":0,"menu_order":0,"comment_status":"closed","ping_status":"closed","template":"page-templates\/other-page.php","meta":{"_monsterinsights_skip_tracking":false,"_monsterinsights_sitenote_active":false,"_monsterinsights_sitenote_note":"","_monsterinsights_sitenote_category":0,"footnotes":""},"class_list":["post-251","page","type-page","status-publish","hentry"],"aioseo_notices":[],"_links":{"self":[{"href":"https:\/\/www.ozbobinaj.com\/index.php\/wp-json\/wp\/v2\/pages\/251","targetHints":{"allow":["GET"]}}],"collection":[{"href":"https:\/\/www.ozbobinaj.com\/index.php\/wp-json\/wp\/v2\/pages"}],"about":[{"href":"https:\/\/www.ozbobinaj.com\/index.php\/wp-json\/wp\/v2\/types\/page"}],"author":[{"embeddable":true,"href":"https:\/\/www.ozbobinaj.com\/index.php\/wp-json\/wp\/v2\/users\/1"}],"replies":[{"embeddable":true,"href":"https:\/\/www.ozbobinaj.com\/index.php\/wp-json\/wp\/v2\/comments?post=251"}],"version-history":[{"count":20,"href":"https:\/\/www.ozbobinaj.com\/index.php\/wp-json\/wp\/v2\/pages\/251\/revisions"}],"predecessor-version":[{"id":638,"href":"https:\/\/www.ozbobinaj.com\/index.php\/wp-json\/wp\/v2\/pages\/251\/revisions\/638"}],"wp:attachment":[{"href":"https:\/\/www.ozbobinaj.com\/index.php\/wp-json\/wp\/v2\/media?parent=251"}],"curies":[{"name":"wp","href":"https:\/\/api.w.org\/{rel}","templated":true}]}}